(f). What is the highest common factor of j and 6?
6
Suppose -72*n + 282558 = -168659 + 97481. Calculate the greatest common factor of 17 and n.
17
Let z = -6923 - -13889. Calculate the highest common factor of 86 and z.
86
Let s be 0/((-16 - -6) + 8). Suppose 5*b - 4*w = -19 + 258, -3*w + 12 = s. Calculate the greatest common divisor of 21 and b.
3
Let w = 12056 - 11496. What is the greatest common divisor of w and 800?
80
Let y be 1/((-24)/26 - -1). Let w = 319 - 300. Suppose -y = -4*d + w. What is the highest common factor of d and 4?
4
Suppose -248*v + 12 = -244*v, v - 183 = -5*u. Calculate the highest common factor of u and 1374.
6
Suppose 230 - 998 = -12*n. Let u(i) = 9*i - 2. Let k be u(-2). Let r = -12 - k. What is the greatest common divisor of n and r?
8
Suppose 18816 = 56*i - 14*i. Calculate the greatest common divisor of i and 28.
28
Let j be (-132)/220*(-105)/9. What is the highest common divisor of 64 and j?
1
Let v(j) = 8*j**2 - 30*j - 51. Let t(l) = 7*l + 56. Let u be t(-9). Let s be v(u). Calculate the greatest common factor of 38 and s.
19
Let q(m) = 7*m + 3. Let k be q(4). Suppose 26*i = 87*i. Suppose i = -4*z + k + 65. What is the highest common factor of 8 and z?
8
Suppose -184*z - 95*z + 85025 = -100*z. What is the greatest common divisor of z and 50?
25
Let t(k) = 93*k - k**2 + 3 + 0 + 0 - 87*k. Let w be t(-5). Let q be 198/5 + 3 + w/20. Calculate the greatest common divisor of q and 10.
10
Suppose 16 = -4*p + 28. Let m be (1/(2/p))/(8/112). What is the greatest common factor of 15 and m?
3
Let p be (-6)/15 - (-60)/25. Let a be p/(8/92) - 3. Suppose 4*i - 4*y - a - 16 = 0, 4*y = -3*i + 13. Calculate the highest common divisor of 7 and i.
7
Let v(n) = 17*n - 19 + 5 + 3 + 112*n + 6. Let s be v(2). Let r(l) = -3*l + 5. Let f be r(-6). Calculate the highest common divisor of f and s.
23
Let z = -6746 - -10301. Calculate the greatest common factor of z and 5.
5
Let x be 9 + -33*(11 - 12). Calculate the greatest common divisor of x and 42.
42
Suppose 71 = 4*l - 3*x, 21*l + 23 = 22*l + x. Suppose 7*q + 273 = l*q. What is the greatest common factor of q and 903?
21
Let l be 44 + 72 - -1*(-5)/(-1). What is the greatest common divisor of l and 352?
11
Suppose -14*w = -8*w - 12. Let f be 118*(w/(-4) - 2/(-2)). Suppose -121 = -4*m + f. What is the greatest common divisor of 18 and m?
9
Suppose 9*a + 686 - 1889 - 498 = 0. What is the highest common divisor of 819 and a?
63
Let c(z) = 84*z + 1632. Let o be c(-19). Calculate the greatest common divisor of o and 92.
4
Let g(w) = 2*w**2 - 88*w + 86. Let y be g(43). Suppose y = 10*f - 24*f + 742. Calculate the greatest common divisor of 53 and f.
53
Let k be ((-42)/(-5))/(1 - (-13)/(-10)). Let r be (-160)/k + -6 + (-228)/(-14). Let w be (-134)/(-4) + (-24)/r. What is the greatest common divisor of w and 4?
4
Let v = 130 - 74. Let a be (-3 - (3 - 12))*(-16 + (-1840)/(-69)). Calculate the greatest common divisor of a and v.
8
Suppose t - 9 = -8, -3*t = 3*o - 3531. What is the greatest common factor of o and 672?
168
Let u = 152 + -82. Suppose 1969*y = 1974*y + 2*o - 1589, 5*o = 2*y - 595. Calculate the highest common factor of u and y.
35
Let v(f) = -f**3 - 15*f**2 + 6*f - 84. Let t be v(-16). Suppose -80 = -t*s + 72*s. What is the highest common divisor of 20 and s?
20
Let h = -9518 - -9616. Calculate the greatest common divisor of h and 203.
7
Suppose 6790 = -36677*c + 36684*c. Calculate the greatest common divisor of c and 10.
10
Suppose 3*s = 7*s - 28. Suppose -8*m = -s*m - 12. Calculate the greatest common divisor of 6 and m.
6
Suppose 0 = l - 4, 2*u - 3*l + 0 = -10. Calculate the greatest common divisor of 16 and u.
1
Let h(v) = v**2 - 4*v - 6. Let f be 3 + 5/(-5) + -9. Let l be h(f). Let b = 110 - l. What is the highest common divisor of 78 and b?
39
Let j(r) = 14*r**3 - 14*r**2 - 2*r - 7. Let n be j(3). Let q = n + 16. Calculate the highest common divisor of 30 and q.
15
Suppose 0 = -n - n + 10. Let f(z) = n*z - 58 + z + 74. Let k be f(8). What is the greatest common factor of 32 and k?
32
Suppose -166*z = 61*z - 119629. Calculate the greatest common divisor of 357 and z.
17
Let s be 6/9*1071/42. Calculate the greatest common divisor of s and 6103.
17
Suppose 31*l = 25*l + 4224. Let r = l + -429. Calculate the greatest common divisor of 55 and r.
55
Suppose -57*w + 4363 + 3375 + 2351 = 0. Calculate the highest common divisor of 8319 and w.
177
Let h be 5 + (-5)/20*-4. Let l = -13 - h. Let b = l + 43. Calculate the highest common divisor of 4 and b.
4
Let p(a) = -9*a**2 + a. Let r be p(-1). Let d be 1 - (-1 + 1 - (37 + -11)). Let b = d + r. What is the greatest common divisor of b and 85?
17
Suppose 5 = 5*g - 15. Let k = 506 + -506. Suppose 74*p + 150 = 3*f + 71*p, k = 5*p - 10. What is the highest common factor of f and g?
4
Suppose -21*f = -24*f + 189. Suppose f = 5*x - m - 92, 105 = 4*x + 3*m. Let g be 2841/45 - 4/x. Calculate the greatest common factor of g and 21.
21
Suppose 0 = -x - 4907 + 4900, -l = -2*x - 15924. Calculate the highest common divisor of 344 and l.
86
Let h = 2516 - 1496. Let b be (-30)/28 + 1 + 95567/3178. What is the highest common divisor of b and h?
30
Suppose 29*u - 3582 - 27332 = 0. What is the greatest common divisor of u and 410?
82
Suppose 3*u - 2225 = -b, 3*b - 5468 - 1200 = -2*u. Suppose 378 = 20*h - b. Suppose -2*s - 3*s + 50 = 0. What is the highest common factor of s and h?
10
Suppose 193*c - 182*c - 1562 = 0. Let p be (12/(-3))/(0 - 2). Suppose 0 = i + 4*i + 3*z - c, -z - 48 = -p*i. Calculate the greatest common factor of i and 26.
26
Let i be (4*(-7)/28)/((-1)/22). Let o = 91 + -25. Calculate the greatest common factor of i and o.
22
Let j = 22079 + -21012. Calculate the greatest common factor of 231 and j.
11
Let s be (-2 - (-1584)/10) + 14/(-35). Let b = s - 54. Suppose -z + 22 = 5*y - 10, 2*z = -3*y + 22. Calculate the highest common divisor of b and y.
6
Suppose 0 = 11*d + 2167 - 517. Let a = d - -156. What is the greatest common divisor of a and 48?
6
Let d be (-1)/(2*(471/(-78) - -6)). Let l = 719 + -420. Calculate the highest common factor of l and d.
13
Let m = 20994 + -13394. What is the greatest common factor of 16 and m?
16
Suppose 5*l = -57*j + 54*j + 652, 0 = 4*j - 2*l - 904. What is the highest common factor of j and 248?
8
Let v be (3 - (1 + 3))/(3/273). Let m = 91 + v. Suppose -3*t + 4*w + 102 = 0, 2*w + m*w + 6 = 0. What is the highest common factor of 6 and t?
6
Let g(b) be the second derivative of -b**4/12 + 7*b**3/2 - 11*b**2 - 17*b - 1. Let m be g(19). What is the highest common divisor of m and 48?
16
Let o be ((-1728)/(-14))/(100/2100). Calculate the greatest common divisor of 576 and o.
288
Let h be (469/154 + (-78)/143)*3*10. What is the greatest common factor of h and 1550?
25
Let i = -35 - -197. Let x be (-2 - (-1 + -4)) + 627. Suppose x = 34*l + l. What is the greatest common factor of i and l?
18
Let g = -34 - -38. Suppose -9*a = -7*a + g. Let u be a + 2 + 7 - 2. What is the greatest common divisor of u and 5?
5
Let t = 3914 + -3905. Let b be (-2 + 11)*(-12)/(-54). Let o be ((-6)/6)/(b/(-18)). What is the highest common divisor of t and o?
9
Let m(r) = 79*r**2 + 13*r + 14. Let f be m(-3). Calculate the highest common divisor of 2 and f.
2
Suppose 483*l = -3764 + 2093 + 19059. Let c(r) = -9*r - 2. Let o be c(-2). What is the greatest common divisor of o and l?
4
Suppose v + 6 = 3*z, 9 = 5*z + 2*v - 1. Suppose -z*x + 8 = -0. Suppose 0 = -x*o + 4, 4*i + 2*o + 0*o = 74. What is the greatest common factor of 6 and i?
6
Let d(k) = -k**2 + 13. Let u be (-1)/10*12*(-10)/4. Let r be d(u). Suppose -4*c + 8 = l, r*c + 0*c + 40 = 5*l. What is the highest common factor of 8 and l?
8
Suppose 0*t + 2 = 2*t, 3*y - 292 = 5*t. Suppose -2*b + 4*d + 169 = -y, -4*d = -12. Calculate the greatest common divisor of b and 315.
35
Let k(g) = 78*g - 6. Let s be k(6). Let c be (132/7)/((-15)/(-126) - 8/(-48)). What is the highest common factor of s and c?
66
Let y = 272 + -270. Let x be (-240)/420 + -571*y/(-14). What is the highest common divisor of 54 and x?
27
Let g = -2472 + 2628. What is the highest common divisor of 546 and g?
78
Let k be (-4)/(-30) - (-5 + (-613)/15). What is the greatest common factor of k and 2645?
23
Let q(d) = 11